number?
False
Let b = -15184 - -67331. Is b prime?
True
Let u(c) = 74*c - 2 - 20*c - 173*c. Let y be u(-2). Suppose y - 1742 = -6*s. Is s a composite number?
False
Suppose i - 4*n - 4279 = 63548, 3*i - n - 203525 = 0. Is i a prime number?
True
Let b(s) = s**2 + 3*s + 3. Let q(a) = 9 + 21 - 4*a - 5. Let r be q(7). Is b(r) a prime number?
True
Let o(u) = 5*u**3 + 10*u**2 + 8*u + 17. Let a be o(-12). Let b = 11768 + a. Is b prime?
False
Suppose -41*j + 207463 + 110036 = -58922. Is j a composite number?
False
Let f(n) = -3573*n**3 + 3*n**2 - 37*n - 71. Is f(-2) composite?
True
Let g(h) = 47*h**3 + 2*h**2 - 5*h + 3. Let y = 76 + -74. Is g(y) a composite number?
True
Suppose -3*x = 5*q - 1731031 - 149978, -q + 3134971 = 5*x. Is x a composite number?
True
Let l(v) = v**2. Let b(f) = -4*f**2 - 9*f + 33. Let w(c) = -b(c) - 2*l(c). Is w(-20) a prime number?
True
Let a be (3 - (-3 + 7))/(0 + -1). Let b be (a + -3)*(-2)/(-4) - -755. Let w = b - 515. Is w prime?
True
Let s(q) be the first derivative of 7*q**4 - 3*q**2/2 - 2*q - 579. Let g(c) = 2*c - 1. Let w be g(2). Is s(w) prime?
False
Let n be 6/30 + (-7)/((-70)/18). Suppose 4*q + n*x = 1790, 0 = -3*x + 14 + 1. Is q a prime number?
False
Let r = -250 - -253. Suppose -x - 3*s + 364 = 0, -3*x - 314 = -r*s - 1442. Is x prime?
True
Let y be (-521140)/(-18) + (-4)/18. Is (-35)/21 - y/(-12) prime?
True
Let i = 715886 + -355359. Is i a composite number?
True
Let w = -3723 - -9656. Is w composite?
True
Let g(p) = -2*p**3 + 118*p**2 - 89*p + 253. Is g(54) a prime number?
False
Suppose 2*o = 5*r + 41 - 16, 3*r = -9. Let w(y) = -7*y**2 + 2 - y + 5*y**3 + y + 2*y + 5. Is w(o) composite?
False
Suppose 3*i + l + 12 = 4*i, i = -5*l + 18. Let o = i + -19. Let d(r) = -76*r - 9. Is d(o) a prime number?
False
Let u(j) = -119*j - 10. Let l(x) be the third derivative of 5*x**4/3 + x**3/2 + 15*x**2. Let b(g) = 14*l(g) + 4*u(g). Is b(1) composite?
True
Let k = -13 + 3845. Suppose a - 1833 = -b + 1995, -b - 3*a + k = 0. Is b prime?
False
Let y be (6/8)/(10/240). Suppose -2*k = -k + y. Is 5241/2 - 9/k prime?
True
Let m be 6*1*1/2. Suppose -23236 = -6*h + h - 4396. Suppose m*c + 2*c - h = -3*v, 5*v = 4*c + 6317. Is v a composite number?
True
Let f = 261603 - 84254. Is f a prime number?
False
Let d(h) = -27*h - 81. Let q be d(-3). Suppose 21*l - 16*l - 1495 = q. Is l a composite number?
True
Let r = -283 - 347. Let z = -143 - r. Is z a composite number?
False
Let g(v) = -6303*v + 14. Suppose 4 = 4*x - 2*f, 2*f = x + 3*f + 5. Is g(x) composite?
False
Suppose -91*r + 20773374 = 120*r - 34990339. Is r composite?
False
Let c be (-2)/(-12) + (-1306545)/90. Let m = c - -26554. Is m a prime number?
True
Let a(b) = 4*b**2 - 21*b + 24. Let z(i) = i**2 + i + 1. Let u be -6*((-2)/(-4))/(6/(-12)). Let k(p) = u*z(p) - a(p). Is k(-19) a composite number?
False
Let l be 2/(-8) - -98*(-142676)/(-32). Suppose -9*z = 22*z - l. Is z composite?
True
Suppose -u + 6 = 0, -4*u - 83690 + 295493 = 3*h. Is h composite?
True
Let s = 289 - 289. Suppose s*c = 4*c - 248. Is c prime?
False
Let c(h) be the third derivative of h**6/24 + h**5/60 + h**4/3 + h**3/2 + h**2. Suppose -710 = -16*j - 646. Is c(j) composite?
True
Let y = 39774 - 3593. Is y prime?
False
Let y(x) = 3*x + 9. Let o be y(5). Let h be (-48)/o + (1 - 2 - -5). Suppose 275 = -h*g + 1017. Is g a composite number?
True
Suppose 7007 = 9*s - 15992 - 24836. Is s a prime number?
False
Suppose -20*m + 13339 - 89159 = 0. Is (m/(-3))/((-9)/(-27)) prime?
False
Suppose 502*y - 498*y + 5*s = 255130, -2*s - 255144 = -4*y. Is y a composite number?
True
Suppose 333*x + 4405350 = 374*x - 30464617. Is x composite?
True
Let v(g) = -g**3 - 17*g**2 - 21*g + 5. Let b be v(-12). Let a = 738 - b. Is a a prime number?
True
Suppose 58 + 92 = -t. Let s = t - -935. Is s composite?
True
Suppose -187 - 205 = -2*r. Suppose 888 = 5*g + 3*i, -g - 4*i - r = -2*g. Suppose -940 = -8*b - g. Is b a composite number?
True
Let h(x) = 5*x**2 + 22*x + 36. Let s(a) = -4*a**2 - 22*a - 35. Let m(f) = -6*h(f) - 7*s(f). Let z be m(12). Is -1 + (0/z - -2130) composite?
False
Let r be 17144/16*(3 + -1). Let z = r - 1512. Is z a prime number?
True
Suppose s - 38 = 3*n, 3*n - 14*s + 37 = -12*s. Is 2/13 - 23541/n prime?
True
Suppose g - 3*s - 653 + 26 = 0, 2*g = -2*s + 1262. Suppose -3*l - 2*l - 5*j + 785 = 0, -3*j = 4*l - g. Is l prime?
False
Suppose -k = -280199 + 59442. Is k composite?
False
Let f be ((-12)/(-10))/(-10 - 205298/(-20530)). Is (-2)/7 - f/42 composite?
False
Let q = 19577 + 138684. Is q composite?
False
Suppose -3*v + 16*v = 4823. Suppose y - 516 = v. Is y prime?
True
Let g(t) = -4*t**2 + 11*t - 5. Let y be g(5). Is 2/(-1)*268775/y composite?
True
Let x(q) = 621*q**3 - 2*q**2 + 2*q - 2. Let j be x(2). Is j/3 - 4 - (1 - 0) composite?
True
Suppose 14*t = 62466 + 789028. Is t prime?
True
Suppose 3*s + 7 = -u - 0, 0 = -2*s - 5*u - 9. Suppose -5*p + 14730 = -0*p. Is (12/(-36))/(0 + s/p) a prime number?
True
Let d(y) = y**2 - 12*y + 22. Let r be d(6). Is (6 - 2 - (-11 - r))*191 a prime number?
True
Suppose -44568 = 12*v - 20*v. Suppose -8*q + v = -17*q. Let y = 1732 - q. Is y a composite number?
False
Let u be (-11 - -183)*(-2 + (14 - -1)). Let y(b) = -b**2 + 6*b + 7. Let h be y(7). Suppose -2*j + 5*t + 4457 = h, -5*t + 0*t - u = -j. Is j a composite number?
False
Let v(s) = 114*s**2 - 6*s - 62. Is v(-6) prime?
False
Is 18/117 + ((-4)/(-6))/(936/674317116) prime?
False
Suppose -13*h - 52821 = -599588. Is h composite?
True
Is (-1344)/(-288)*115314/4 a prime number?
False
Let g = 17755 + 18654. Is g a prime number?
False
Let q(n) = -2341*n - 1217. Is q(-4) prime?
True
Let h(n) = 89705*n**2 + 18*n - 3. Is h(-2) prime?
False
Let l = 4315 + -6095. Let c = -69 - -71. Is 1/(c/(l/(-2))) a composite number?
True
Is 669/(-446)*(-2 + 1039784/(-6)) a composite number?
False
Let p(x) = 34*x - 19. Let r be p(1). Is ((-5)/((-50)/r))/(6/29368) composite?
True
Suppose 6*p - 4*p + 2 = 2*i, -4*p - 5*i + 23 = 0. Let u(c) = 3*c**p - 151*c**3 + 15*c**2 - 4*c - 5 - 9 + 152*c**3. Is u(-11) prime?
True
Suppose 127 = 11*y - 5. Suppose -y*u + 7 = -53. Suppose 0 = -d + h + 267 - 72, -u*d - 5*h = -935. Is d a prime number?
True
Let y be (-3*1461)/((-93)/(-1054)). Let z = 80291 + y. Is z prime?
False
Suppose 2773770 = -10557*n + 10587*n. Is n a prime number?
True
Suppose -40*o + 10435858 = 25*o - 39087. Is o composite?
True
Let t(i) be the second derivative of 73*i**4/12 + i**3/2 - 20*i**2 - 32*i - 2. Is t(6) composite?
True
Let x(o) be the first derivative of -139/2*o**2 + 26 - 9*o. Is x(-14) composite?
True
Let b = -177 - -179. Suppose -3*z + 0*t - t = -15, z = 5*t - 11. Suppose z*f - 4992 = -4*y, -1342 = -b*y + 2*f + 1158. Is y a composite number?
False
Suppose 61*u = 62*u - 2, 294201 = l + 4*u. Is l a prime number?
False
Let h be (4 + -4 - 3)/(-1). Suppose v = -5, -p + h*v + 7 = -3*p. Suppose -5*u = -5*l + 360, 4*l + u + p*u - 333 = 0. Is l a prime number?
False
Let c(o) = 34*o**2 + 5*o + 10. Suppose 3*y = -2*w + w + 12, -3*y + 9 = 2*w. Let l be c(y). Is (l/(-9))/(1/(-3)) a composite number?
True
Let d(x) = -13*x - 30. Let i be d(-3). Suppose -10*s + 5347 = -i*s. Is s composite?
False
Let p = -59 + 58. Let v(o) = -6320*o**3 + o**2 + 4*o + 4. Let j be v(p). Let y = j - 3260. Is y composite?
False
Suppose 4*x - 5*g = 199595 + 49069, -3*x = -4*g - 186499. Is x prime?
False
Let f = -446 - -439. Is -2 + 75/35 - 14440/f a composite number?
False
Is (-77)/(-7) - (-2 - 17256*40) a composite number?
True
Let v(t) = t**3 + 11*t**2 - 17*t + 24. Is v(29) composite?
True
Is -6243*(-1 - (-1176)/(-63)) a prime number?
False
Suppose 160*g - 13911261 = 4569219. Is g prime?
False
Suppose -18444 = -r - 2*r + 4*g, 4*r - 24561 = -5*g. Let c = 17039 - r. Is c composite?
True
Let s = -231 + 242. Suppose 0 = -s*z + 25405 + 36624. Is z prime?
True
Let v = 2 - -1. Let s(c) = 32821*c - 16075*c - 2 - 16255*c. Is s(v) a prime number?
True
Let i(r) = -r + 94*r**3 + 2 + 0*r + 108*r**3. Let o = 371 + -370. Is i(o) a prime number?
False
Let j(r) = 481*r - 11. Let u(h) = -6*h**3 - 1. Let v be u(-1). Let g be j(v). Let n = 5183 - g. Is n composite?
False
Let j(u) = 18557*u**2 - 20*u + 124. Is j(5) a prime number?
True
Let j(y) = 7289*y**2 + 149*y + 445. Is j(-3) a prime number?
True
Suppose